{"id":11,"date":"2014-04-29T11:33:27","date_gmt":"2014-04-29T14:33:27","guid":{"rendered":"http:\/\/www.sinnatural.com.br\/?page_id=11"},"modified":"2019-02-21T13:25:08","modified_gmt":"2019-02-21T16:25:08","slug":"sobre-o-sinnatural","status":"publish","type":"page","link":"https:\/\/www.sinnatural.com.br\/sindicato\/","title":{"rendered":"SOBRE O SINNATURAL"},"content":{"rendered":"<h1 style=\"text-align: center;\"><a href=\"http:\/\/www.sinnatural.com.br\/wp-content\/uploads\/2014\/04\/Logo-FEBRATE-03.jpg\" rel=\"attachment wp-att-259\"><img loading=\"lazy\" decoding=\"async\" class=\"alignnone size-full wp-image-259\" src=\"http:\/\/www.sinnatural.com.br\/wp-content\/uploads\/2014\/04\/Logo-FEBRATE-03.jpg\" alt=\"Logo-FEBRATE-03\" width=\"217\" height=\"94\" \/><\/a>\u00a0<a href=\"http:\/\/www.sinnatural.com.br\/wp-content\/uploads\/2016\/01\/cropped-cropped-Logo-do-Sinnatural-2-1.jpg\" rel=\"attachment wp-att-230\"><img loading=\"lazy\" decoding=\"async\" class=\"alignnone size-medium wp-image-230\" src=\"http:\/\/www.sinnatural.com.br\/wp-content\/uploads\/2016\/01\/cropped-cropped-Logo-do-Sinnatural-2-1-300x79.jpg\" alt=\"cropped-cropped-Logo-do-Sinnatural-2-1.jpg\" width=\"300\" height=\"79\" srcset=\"https:\/\/www.sinnatural.com.br\/sindicato\/wp-content\/uploads\/2016\/01\/cropped-cropped-Logo-do-Sinnatural-2-1-300x79.jpg 300w, https:\/\/www.sinnatural.com.br\/sindicato\/wp-content\/uploads\/2016\/01\/cropped-cropped-Logo-do-Sinnatural-2-1-768x203.jpg 768w, https:\/\/www.sinnatural.com.br\/sindicato\/wp-content\/uploads\/2016\/01\/cropped-cropped-Logo-do-Sinnatural-2-1.jpg 1012w\" sizes=\"auto, (max-width: 300px) 100vw, 300px\" \/><\/a><\/h1>\n<h1 style=\"text-align: justify;\">Nosso Novo Endere\u00e7o: Rua Domingos de Souza Bastos, 121, CEP: 30692-660 Tirol &#8211;\u00a0 Maril\u00e2ndia, Belo Horizonte &#8211; MG.\u00a0Nosso novo n\u00ba de Telefone; (31) 3786-8152. <strong>Novo hor\u00e1rio de 13:30 hs \u00e0s 17:30 hs\u00a0de segunda a sexta<\/strong>.<\/h1>\n<h1 style=\"text-align: justify;\"><span style=\"color: #000000;\">Apresenta\u00e7\u00e3o<\/span><\/h1>\n<p>&nbsp;<\/p>\n<p style=\"text-align: justify;\"><span style=\"color: #000000;\">O Sinnatural \u2013 Sindicato dos Profissionais em Terapias Naturais, Energ\u00e9ticas, Integrativas e Complementares do Estado de Minas Gerais foi criado em 2010, com a meta \u00fanica de agregar e defender os direitos de todos os Terapeutas do Estado. Hoje, com o intuito de aumentarmos nossa representatividade a n\u00edvel nacional e internacional, fazemos parte da <strong>FEBRATE<\/strong> &#8211; Federa\u00e7\u00e3o Brasileira dos Terapeutas, na condi\u00e7\u00e3o de fundadores (<a title=\"Federa\u00e7\u00e3o Brasileira dos Terapeutas\" href=\"http:\/\/febrate.org.br\/site\/\">www.febrate.org.br<\/a>). N\u00e3o fosse isso, acreditamos que toda classe de trabalhadores tem o direito de ter voz junto \u00e0s esferas da administra\u00e7\u00e3o p\u00fablica e privada deste pa\u00eds. Isto \u00e9 um direito constitucional inabal\u00e1vel e verdadeiro. Mais do que uma classe de trabalhadores somos um meio de fomento do progresso e avan\u00e7o, no que se refere \u00e0 disponibilidade e possibilidade de se oferecer outros meios de tratamento para a sa\u00fade.<\/span><\/p>\n<p style=\"text-align: justify;\"><span style=\"color: #000000;\">Longe de criarmos uma distin\u00e7\u00e3o, precisamos mostrar a nossa identidade pessoal e coletiva, para que tenhamos um m\u00ednimo de reconhecimento do nosso trabalho por parte das autoridades p\u00fablicas e pelo povo brasileiro. Da\u00ed a nossa proposta; regulamentar, divulgar e proteger nossa classe de terapeutas, atrav\u00e9s de interven\u00e7\u00f5es pol\u00edticas e sociais organizadas.<\/span><\/p>\n<p style=\"text-align: justify;\"><span style=\"color: #000000;\">Para isso, precisamos de voc\u00ea &#8220;Terapeuta&#8221;, pois sabemos de sua luta constante pela melhoria das condi\u00e7\u00f5es b\u00e1sicas de sa\u00fade das pessoas que acorrem ao atendimento direto proporcionado por esta classe laboral. Antes, por\u00e9m, precisamos nos unir, pois como diz o velho ad\u00e1gio &#8211; &#8220;unidos somos fortes&#8221;!<\/span><\/p>\n<p style=\"text-align: justify;\"><span style=\"color: #000000;\">Os trabalhos est\u00e3o apenas come\u00e7ando, a hora se faz presente e precisamos de todos para esta grande caminhada em favor do nosso maior objetivo &#8211; transformar a ci\u00eancia natural terap\u00eautica em uma realidade regulamentada atrav\u00e9s de um Conselho Federal de Classe.<\/span><\/p>\n<p style=\"text-align: justify;\"><span style=\"color: #000000;\">Assim, ao nos organizarmos, faremos com que nossa sagrada classe profissional seja de imediato reconhecida e principalmente respeitada. Tudo isso, n\u00e3o s\u00f3 pelos anos de labuta silente em favor do povo brasileiro, mas pelos excelentes servi\u00e7os que prestamos e ainda vamos prestar a esta na\u00e7\u00e3o.<\/span><\/p>\n<p style=\"text-align: justify;\"><span style=\"color: #000000;\">Contamos com todos, sem exce\u00e7\u00e3o! A luta se inicia, sindicato forte, classe profissional forte! Cria\u00e7\u00e3o de um Conselho de Classe e Regulamenta\u00e7\u00e3o J\u00e1!<\/span><\/p>\n<p style=\"text-align: justify;\"><span style=\"color: #000000;\">Sinnatual \u2013 \u00c9 legal ser Terapeuta.<\/span><\/p>\n<p style=\"text-align: justify;\"><em><strong>Expediente: de 13:30 as 17:30 horas de segunda \u00a0a sexta.<\/strong><\/em><\/p>\n","protected":false},"excerpt":{"rendered":"<p>\u00a0 Nosso Novo Endere\u00e7o: Rua Domingos de Souza Bastos, 121, CEP: 30692-660 Tirol &#8211;\u00a0 Maril\u00e2ndia, Belo Horizonte &#8211; MG.\u00a0Nosso novo n\u00ba de Telefone; (31) 3786-8152. Novo hor\u00e1rio de 13:30 hs \u00e0s 17:30 hs\u00a0de segunda a sexta. Apresenta\u00e7\u00e3o &nbsp; O Sinnatural \u2013 Sindicato dos Profissionais em Terapias Naturais, Energ\u00e9ticas, Integrativas e Complementares do Estado de Minas [&hellip;]<\/p>\n","protected":false},"author":1,"featured_media":0,"parent":0,"menu_order":0,"comment_status":"closed","ping_status":"closed","template":"","meta":{"footnotes":""},"class_list":["post-11","page","type-page","status-publish","hentry"],"_links":{"self":[{"href":"https:\/\/www.sinnatural.com.br\/sindicato\/wp-json\/wp\/v2\/pages\/11","targetHints":{"allow":["GET"]}}],"collection":[{"href":"https:\/\/www.sinnatural.com.br\/sindicato\/wp-json\/wp\/v2\/pages"}],"about":[{"href":"https:\/\/www.sinnatural.com.br\/sindicato\/wp-json\/wp\/v2\/types\/page"}],"author":[{"embeddable":true,"href":"https:\/\/www.sinnatural.com.br\/sindicato\/wp-json\/wp\/v2\/users\/1"}],"replies":[{"embeddable":true,"href":"https:\/\/www.sinnatural.com.br\/sindicato\/wp-json\/wp\/v2\/comments?post=11"}],"version-history":[{"count":11,"href":"https:\/\/www.sinnatural.com.br\/sindicato\/wp-json\/wp\/v2\/pages\/11\/revisions"}],"predecessor-version":[{"id":333,"href":"https:\/\/www.sinnatural.com.br\/sindicato\/wp-json\/wp\/v2\/pages\/11\/revisions\/333"}],"wp:attachment":[{"href":"https:\/\/www.sinnatural.com.br\/sindicato\/wp-json\/wp\/v2\/media?parent=11"}],"curies":[{"name":"wp","href":"https:\/\/api.w.org\/{rel}","templated":true}]}}